k + b, k = f + n. What are the prime factors of f?
2
Suppose -2*o = -4*a + 12, 5*a - 2*o - 3 = 11. Suppose 0*k - 5*k = -10, 18 = 2*v - 3*k. Suppose -a = -2*i + v. What are the prime factors of i?
7
Let z = 8 - 4. List the prime factors of z.
2
Suppose -3*a - 688 = -5*c, 4*a - 576 = -4*c - 0*c. Suppose -45*n + c = -40*n. List the prime factors of n.
2, 7
Let b be (19 + -1)*1/3. List the prime factors of 2/b*42/2.
7
List the prime factors of ((-1810)/20)/(1/(-2)).
181
Let r(s) = 4*s - 5. Suppose 2*u - 7 - 1 = 0. List the prime factors of r(u).
11
Let d(f) be the first derivative of -5*f**4/4 - f**3 - 3*f**2/2 - f - 6. List the prime factors of d(-2).
3, 11
Suppose 0*o - 3*o + 6 = 0. Suppose 20 = -5*l + o*n - 84, 4*l = n - 82. Let r = 28 + l. What are the prime factors of r?
2
Suppose 0*q + 4 = 2*q. Let j(g) be the second derivative of g**5/10 - g**4/6 + g**3/3 - g**2 + g. What are the prime factors of j(q)?
2, 5
Suppose 3 = f - 3. Suppose -z = -f*z + 70. What are the prime factors of z?
2, 7
Suppose 0*x = -3*m - 2*x + 273, m - 101 = -4*x. What are the prime factors of m?
89
Let h(d) = d**3 - 19*d**2 + 6*d + 18. Let l(w) = w**3 - 20*w**2 + 5*w + 19. Let r(o) = 7*h(o) - 6*l(o). List the prime factors of r(12).
2, 3
Let a(d) = d**2 + 9*d + 12. Let v(f) = -f**3 + 3*f**2 + 3*f - 4. Let j be v(4). Let i be a(j). Suppose 75 = i*x + x. What are the prime factors of x?
3, 5
Let l(f) = -44*f**3 + 2*f**2 - 1. Let c be l(1). List the prime factors of 2/(-4)*(c + 7).
2, 3
Suppose -11 = -3*h - p - 2, 5*h + 4*p = 22. Let k be h - -56*(-1 + -1). What are the prime factors of k/(-8) + (-1)/(-4)?
2, 7
Suppose 4*t + a - 5*a - 260 = 0, 5*a = -5*t + 295. What are the prime factors of t?
2, 31
Suppose 2*m + 2*m = 52. List the prime factors of m.
13
Let q(y) = -y**2 - y + 1. Let b(i) = -i**2 - 8*i + 7. Suppose 1 = v - 0. Let c(n) = v*b(n) - 3*q(n). List the prime factors of c(3).
7
Suppose 0 = -2*j + 3*j - 81. Let o = 126 - j. What are the prime factors of o?
3, 5
Suppose 11 = -3*t - 22. Let i be (-3)/(-12) + 113/(-4). Let c = t - i. List the prime factors of c.
17
Let a = -127 - -211. What are the prime factors of a?
2, 3, 7
Suppose 3*i - 2*l = 2*l - 7, 0 = -3*i + 2*l + 1. What are the prime factors of i?
3
Let r = -7 + 9. Let y = 1 + r. What are the prime factors of y?
3
Let j(t) = -t**2 - 21*t - 10. List the prime factors of j(-18).
2, 11
Let j be (-102)/27 - (-2)/(-9). What are the prime factors of j/8*(-1 - 13)?
7
Let z(s) = -s**2 - s. Let k be z(-3). Let r(i) = -i**2 - 10*i - 7. List the prime factors of r(k).
17
Suppose 3*q = -4*k + 12 + 113, -12 = 3*k. What are the prime factors of q?
47
Suppose 3*a = -o - 15, 4*a = -4*o - 29 + 1. List the prime factors of (5 + 19)/((-6)/a).
2
List the prime factors of 26*1/1*1.
2, 13
Let i = 4 - 6. What are the prime factors of (-1)/(2/21)*i?
3, 7
Suppose 2*p = -10, -6*p - 21 = 2*l - 3*p. List the prime factors of 1*l*(-78)/9.
2, 13
Let i(b) = 22*b**2 - 2*b - 1. What are the prime factors of i(-1)?
23
Let x be (-6)/2 - -4 - -5. Let l(d) = d**2 - 2*d + d - 5 - 2*d. What are the prime factors of l(x)?
13
Let d = 34 - 14. Let i = d + -12. What are the prime factors of i?
2
Suppose -t - 50 - 69 = -3*r, 3*r - 99 = -3*t. What are the prime factors of r?
2, 19
Suppose -3*p + 16 = -o, 0 = p - 5*o - 1 + 5. What are the prime factors of 32*-1*(-3)/p?
2
Let h = 88 + -33. Suppose -12 = -5*t + 2*t. Suppose t*f + f = h. List the prime factors of f.
11
Let v = 58 + 47. Let h = -75 + v. Let u = -21 + h. List the prime factors of u.
3
Let q = -33 - -35. List the prime factors of q.
2
Let r = -8 + 6. List the prime factors of (-9)/(-3) - -2 - r.
7
Let g(j) = 42*j + 1. Let o be g(1). Let r = o + -20. What are the prime factors of r?
23
Let g(p) be the third derivative of p**5/60 - p**4/3 + p**3/2 + 3*p**2. Let l be g(9). List the prime factors of (l/(-10))/(2/(-20)).
2, 3
Suppose 0*a - 28 = -4*a. Let h = 15 + -8. What are the prime factors of 20/a*h/2?
2, 5
Suppose -4*l = w - 43 - 267, 3*w - 895 = -5*l. List the prime factors of w.
2, 5, 29
Suppose 2*o + p + 118 = 0, 4*p = -2*o - 0*p - 118. Let z = 41 + o. What are the prime factors of 2/(((-16)/z)/4)?
3
Suppose -3*q - 2*y = -8, 3*y = -4*q - 0*y + 9. Suppose p = -2*d - p - 8, 5*d - 2*p + q = 0. Let r(j) = -j**3 + j**2 - 3*j - 1. List the prime factors of r(d).
17
Suppose 3*d - f = 0, 17 = 4*d + 5*f - 2. Let b be (-6)/(d/(111/6)). What are the prime factors of 2/3 + b/(-9)?
13
Let x(u) = -2*u**3 - 11*u**2 + 2*u - 6. What are the prime factors of x(-6)?
2, 3
Let b = -56 - 18. Let r = b - -104. What are the prime factors of r?
2, 3, 5
Let p = 127 - 68. List the prime factors of p.
59
Let q = -2 - -7. Suppose 0*f = q*f - 55. List the prime factors of f.
11
Suppose o - 10 = g, 2*o + 4*g = 7*o - 52. Suppose -t + 28 = o. List the prime factors of t.
2
Suppose 0 = -3*c - 4 - 8, -3*i - 34 = 4*c. What are the prime factors of 26 - (-4)/8*i?
23
Let c be 1 + 1*(3 - -1). Suppose c*y = y. Suppose y = i + 3*i - 44. List the prime factors of i.
11
Let i be (-390)/(-33) - 2/(-11). Let r be i*((-2)/4)/(-1). What are the prime factors of (-17)/1*(5 - r)?
17
Let i be 5*(-1)/(10/(-6)). Suppose 0 = 4*l - 3*l - 13. Let z = l - i. What are the prime factors of z?
2, 5
What are the prime factors of 6/(-24) + 2162/8?
2, 3, 5
Let r(j) = j**3 + 6*j**2 + 9. Let i be r(-5). Let p = i - 10. List the prime factors of p.
2, 3
Let q = 9 + -7. Suppose q*u - 8 = 0, 3*u + u = 5*t - 14. List the prime factors of t.
2, 3
Let q be -1 - (-2 + 0) - 1. Suppose -5*c = -3*p - q*p + 246, -2*c = 0. Suppose -2*j + 8 = 2*j, p = 4*h - j. List the prime factors of h.
3, 7
Let o = -16 - -26. What are the prime factors of o?
2, 5
Let r(x) = -2*x**3 - 4*x**2 - 3*x. What are the prime factors of r(-2)?
2, 3
Let m be (-3)/(-15) - (-119)/5. Suppose -2*q + 5*q - m = 0. List the prime factors of q.
2
What are the prime factors of 6/4 - (178/(-4) + 0)?
2, 23
Let p(q) = 2*q**2 - 7*q + 4. Let s = -7 + 11. List the prime factors of p(s).
2
Let u = 11 + -3. Let k = u + 11. Suppose 5*b - 11 = k. What are the prime factors of b?
2, 3
Let l = -4 - 14. Let m = -11 - l. List the prime factors of m.
7
Let y = -5 - 3. Let f = 24 + y. What are the prime factors of f?
2
Let u(p) = p**2 - 9*p + 3. Let b be u(10). Let g = b - 0. List the prime factors of g.
13
Suppose 6700 - 782 = 22*j. List the prime factors of j.
269
Let z = -104 - -159. What are the prime factors of z?
5, 11
Suppose n - 192 = -3*w, 0 = 6*n - 9*n - 5*w + 568. List the prime factors of n.
2, 3, 31
Suppose 7 + 5 = -y - 3*g, 12 = -y + 2*g. Let r be (-1 - 4)*y/10. Let n = r - 1. What are the prime factors of n?
5
Suppose -3*x + 9 = k, 3*x + 6 = -4*k + 8*k. Suppose -k = -5*z - 33. Let d = 0 - z. What are the prime factors of d?
2, 3
Let j(t) = t**3 + 7*t**2 + 8*t + 3. Let g be j(-5). Suppose -y + 2 = 4*q + g, 0 = -q - 3*y. Let z = q - -7. List the prime factors of z.
2
Suppose -5 - 19 = 4*o. Let m = 13 + o. List the prime factors of m.
7
Suppose -4*b - 6 = -22. What are the prime factors of (6/b)/((-6)/(-56))?
2, 7
Let t = -1 - -7. What are the prime factors of t?
2, 3
Suppose 2*i - 36 = -2*i. What are the prime factors of i?
3
Let w(o) = -o**3 + 9*o**2 - 4*o - 11. Let z be w(8). Suppose 0*b + 10 = -b. Let h = b + z. List the prime factors of h.
11
Let d be (-212)/(-6) - (-4)/(-12). Let i = -11 + d. What are the prime factors of i?
2, 3
Suppose -f - 12 = f. Let b be (9/(-6))/(3/f). Suppose b*d - l - 12 = 0, l - 6*l + 15 = 0. List the prime factors of d.
5
Let f = -7 - -9. Suppose f*y = -2*x - x + 4, y + 1 = -3*x. List the prime factors of (3 + -2)/(x/(-26)).
13
Let h = 69 - 79. Let z(b) = -2 - 4*b + 7 + 3*b. List the prime factors of z(h).
3, 5
Suppose t - 3*s - 40 - 16 = 0, -5*t + 3*s + 292 = 0. List the prime factors of t.
59
Suppose -3*p + 2*p = -3*j - 48, 5*j + 56 = p. Let g = -19 + p. What are the prime factors of g?
17
Suppose 0 = 2*b - 382 - 284. List the prime factors of (b/(-36))/((-1)/4).
37
Suppose x - z + 10 = -2*x, -8 = 3*x + z. Let b = 29 + -26. What are the prime factors of (x - -9)*2/b?
2
Let q(j) = j**2 + 9. What are the prime factors of q(-6)?
3, 5
Let l(k) = k**2 + 1. What are the prime factors of l(-5)?
2, 13
Suppose 2*a + 4*u - 102 = 0, -a + 2*a - u - 51 = 0. List the prime fact